igit of v?
1
Suppose 4*p = 67430 + 47582. What is the tens digit of p?
5
Suppose 4*w + 3*s = 20, 2*w - 10 = -6*s + 4*s. Suppose w*x + 559 = 2529. What is the hundreds digit of x?
3
Let j(q) = -q**3 + 9*q**2 - 15*q - 1. Let z be j(3). Suppose 0 = -z*o + 14*o. Suppose 3*r - 3*w - 435 = o, 0 = -0*w + 3*w + 9. What is the hundreds digit of r?
1
Suppose -8*f - 54818 = -165906. Suppose 20*g + 2346 = f. What is the units digit of g?
7
What is the units digit of 16067/3 + 185/555?
6
Let a(v) = -v**2 + 13*v + 34. Let q be a(26). Let u = q - -978. What is the units digit of u?
4
Suppose -1539 = -10*z - 9*z. Suppose 18 = p - z. What is the units digit of p?
9
Let s(n) = 23*n - 203. Let b be s(10). Let p(c) = -c**3 + 30*c**2 - 64*c + 44. What is the units digit of p(b)?
3
Let t(u) = u**3 + 10*u**2 - u + 44. Let v be t(0). Suppose v*n - 71*n = -10503. What is the units digit of n?
9
Let t = 19 + -27. Let s(d) = -3*d**3 + 24*d**2 + 5*d - 14. Let q be s(8). Let j = q + t. What is the tens digit of j?
1
Let q(k) = 296*k**3 + 14*k**2 - 15*k + 36. What is the tens digit of q(6)?
8
Let r(a) = -3*a**2 + 20. Let c be r(-5). Suppose 0 = 3*z - 4*o - 19, -3*z + 0*o = o + 1. Let w = z - c. What is the units digit of w?
6
Suppose 10*r = -6*r + 32. Suppose 5*p = 0, r*u - 7*u = 2*p - 4410. What is the tens digit of u?
8
Let f = -175 + 185. Let v(z) = 4*z**2 - 11*z - 36. What is the units digit of v(f)?
4
Suppose l - 44545 - 17439 = -2*u, 4*u - 123962 = l. What is the thousands digit of u?
0
Suppose 5*r - 2*f - 29195 = 0, 19*f + 11667 = 2*r + 16*f. What is the units digit of r?
1
Let t(k) = 3*k + 2. Let q be t(-9). Let n = -15 - q. Let j = n + 17. What is the tens digit of j?
2
Let z be 1 + (1 - -3) - 1. Let t(w) = -w**3 + 3*w**2 - 3*w. Let u be t(z). What is the hundreds digit of ((-24)/u)/(-3) + 1472/7?
2
Suppose -7*n + 293407 = 52*n. What is the units digit of n?
3
Suppose 5*c = 3*m + 1, 2*m + 2*m - 2*c - 22 = 0. Let h(q) = -q**3 + 7*q**2 + 6*q + 16. Let l be h(m). What is the tens digit of -2 + 121 - (3 + l)?
1
Suppose 19*h = h + 54. Suppose 1023 = 3*d - h*r + 6*r, 2*d - 677 = 3*r. What is the tens digit of d?
4
Let s(i) = -163*i**2 - 2*i + 1. Let a be s(1). Let n = 389 - 791. Let r = a - n. What is the hundreds digit of r?
2
Suppose 0 = -4*y + 7*y - 720. Let l = 511 - y. Suppose -j - 17 = -l. What is the hundreds digit of j?
2
Let l(g) = 317*g + 542. What is the tens digit of l(11)?
2
Suppose -7*q = -46274 - 52. Suppose -59*h + q = -53*h. What is the thousands digit of h?
1
Suppose 13087 = 3*d - 12*i + 7*i, d + 4*i = 4368. What is the hundreds digit of d?
3
Let y(l) = -l**2 + 10*l + 4. Suppose 0 = -4*k + 10 + 30. Let i be y(k). What is the tens digit of ((-12)/i)/3 + 39?
3
Let p be 11 + 903 + -2 + -4. Suppose -1282 - p = -10*g. What is the hundreds digit of g?
2
Let q(r) = 56*r**2 - 102*r + 1523. What is the thousands digit of q(15)?
2
Let s = -3 - -12. Suppose s*t = -0*t + 18. Suppose t*l = -4*w + 278, 3*l + 3*w - 304 - 113 = 0. What is the hundreds digit of l?
1
Let d(n) = -81*n - 1176. Let t be d(-14). Let r be (108/(-10))/((-1)/(-5)). Let k = t - r. What is the units digit of k?
2
Let s(t) = 9*t + 7. Let m(j) = 4*j + 3. Let c(g) = 5*m(g) - 2*s(g). Let o be c(-2). Let a = 7 + o. What is the units digit of a?
4
Let m be (-45 - (1 + 0))*27/(-54). Let l be (0 + -7)*-1 + -26 + m. Suppose -5*i + s = l*s - 387, -2*i = -5*s - 130. What is the tens digit of i?
7
What is the thousands digit of ((14176 - 10) + -3)*(-2 - 3)/(-5)?
4
What is the ten thousands digit of (-4*(-65545)/70)/((-2)/14*-1)?
2
Suppose -12*j + 18010 = -8*j + 2*g, 5*g = -2*j + 9025. What is the thousands digit of j?
4
Let r be (-152)/(-95) - 4/(-10). Let h be (608/(-60) - (-6)/45) + r. What is the units digit of (171/(-108) - 2/h)*-96?
8
Suppose 69 = 3*b - 5*v + 2*v, -v - 119 = -5*b. Let p be ((-16)/b)/(0 - 4/78). Let j(r) = r**3 - 11*r**2 - 17*r. What is the hundreds digit of j(p)?
1
Let f be 4/(-10) - 134*4/(-40). Suppose 0 = -f*g + 37 + 132. Suppose -85 = -18*t + g*t. What is the units digit of t?
7
Suppose -1704 = -3*g + 4*f, 17*g - 14*g - 1668 = -2*f. What is the hundreds digit of g?
5
Suppose 0 = 26*h + 38168 - 196976. What is the tens digit of h?
0
Suppose -59651 = -2*g + p, -136736 = -5*g + 4*p + 12390. What is the tens digit of g?
2
Let j(x) = -2*x**2 + 7*x + 11. Let v be j(5). Let c be (-1880)/v*(-2)/(-4). Suppose 0*g - g + c = 3*n, 0 = -4*g - 4*n + 948. What is the units digit of g?
8
Suppose 0 = -109*k + 114131 + 381056. What is the tens digit of k?
4
Suppose 3*x + 137 = 191. What is the tens digit of 93520/360 + 4/x?
6
Let a(r) = -96*r**3 - 7*r + 193*r**3 - 17*r**2 - 95*r**3 - 11. What is the hundreds digit of a(10)?
2
Suppose 132631 = 3*f + 128*c - 124*c, -f - 4*c + 44213 = 0. What is the thousands digit of f?
4
Suppose -3*v + 2849 + 235 = 0. Suppose r = h + h + v, 2*r - 3*h - 2053 = 0. What is the thousands digit of r?
1
Let s = 17826 - 5901. What is the ten thousands digit of s?
1
Suppose 4*n = -3*z - 52, -2*n = n + 2*z + 38. Suppose 3*p + 19 = 1. What is the tens digit of 579/15 - p/n?
3
Let k = 641 + -444. Suppose -x - 5*d + 499 = 0, 0 = 2*x + 3*d + k - 1195. What is the tens digit of x?
9
Suppose -8*w - 1 = -41. Suppose -4*y + 6784 = 4*h, h - 2180 + 484 = w*y. What is the tens digit of h?
9
Let p be 25/(-10)*(-132)/(-10). What is the units digit of (-37400)/p - 2*(-1)/(-6)?
3
Let j = 24 + -21. Let c(x) = 13*x**2 - x - 5. Let t be c(j). Suppose 31 + t = 5*a. What is the tens digit of a?
2
Suppose 3*n = 2*n - 67. Let v = 736 - 741. Let f = v - n. What is the units digit of f?
2
Suppose 4*v = 30037 + 3116 - 1141. What is the hundreds digit of v?
0
Let a(f) = -f**2 + 13*f + 2. Let m be a(13). Suppose -5*i - m*w + 207 = 0, 6*i = 3*i - 4*w + 113. What is the tens digit of i?
4
Suppose 5 = n + 4*a + 8, -a = -3. What is the hundreds digit of n/120 - 5499/(-24)?
2
Let d(u) = -90*u - 98. Let y be d(-13). Let x = 1998 - y. What is the units digit of x?
6
Let v(n) = 12577*n + 129. What is the units digit of v(1)?
6
Let p(u) = -u**2 + 303*u + 2159. What is the ten thousands digit of p(113)?
2
What is the thousands digit of 61*(140 + (-1)/2*-4)?
8
Let u(r) = r**3 - 6*r**2 - 23*r + 5. Let p be u(9). Suppose 2*x = -t + p, x - t - 18 = -2*t. Suppose x*o - 114 = 17*o. What is the tens digit of o?
1
Suppose 10 = 8*j - 46. Let a(t) = -3*t + 1 - 6 + 13*t + t**3 - j*t + 9*t**2. What is the units digit of a(-5)?
0
Let o = 32 - 22. Let s = o + -8. Suppose d = -w - 2*d + 183, -3*d = s*w - 369. What is the hundreds digit of w?
1
What is the hundreds digit of (10/4)/(18/((-3285072)/(-70)))?
5
Suppose 2*u - 9740 = -4*r, 4*u = 2*r - 3*r + 2456. What is the units digit of r?
2
Let l(y) = 3*y**3 - 42*y**2 + 202*y - 198. What is the ten thousands digit of l(32)?
6
Let y(u) = 149*u**2 - 254*u + 3953. What is the tens digit of y(17)?
9
Let n(w) = -33*w - 30. Let k be n(-1). Suppose -4549 = -5*s + 3*i + 2838, -3 = -k*i. What is the units digit of s?
8
Let j be (-256)/(-6) - (-16)/(-24). Let g = -37 + j. Suppose -3*v = -4*a - 194 - 105, g*a - 510 = -5*v. What is the units digit of v?
1
Let p be ((-1905)/7)/(-3) + (-44)/(-154). Let j = 94 - p. Suppose -j*n - 1002 = -9*n. What is the units digit of n?
7
Suppose 0 = -3*i + 30 + 6. Suppose -14 = -j - i. Suppose -j*c = 5*z - 69, 2*z + c = -3*c + 34. What is the tens digit of z?
1
Suppose -t = -2*p + 7356, -11*t + 6*t - 11020 = -3*p. Suppose -6*l = 5*r - 11*l - p, -4*l - 1476 = -2*r. What is the tens digit of r?
3
Suppose 0 = -49*n + 45*n - 84. What is the tens digit of (140/n)/(-10)*(490 - -2)?
2
Suppose z - 5*s = -43, z + 5*s + 25 = s. Let l be (-3537)/z + (-22)/121. Suppose 2*f + 12 = -r + 191, 3*r + l = f. What is the tens digit of f?
9
Let d(f) = f**3 - 12*f**2 - 19*f + 56. Let z be d(13). Let k be (-4)/(-6) + 18286/(-6). What is the tens digit of (1*2)/(z/k)?
7
Let t(v) = -v**2 - 6*v + 35. Let k be t(3). Suppose -k*h + 1936 = -3576. What is the tens digit of h?
8
Suppose -j + 23194 - 92754 = -11*j. What is the tens digit of j?
5
Suppose 182*f + 62*f - 1750374 = 3836006. What is the units digit of f?
5
Suppose -29*t + 30*t = 4*w + 1850, -2*t = 4*w + 1844. Let y = 709 + w. What is the tens digit of y?
4
Let m be 11/(231/2282) + 2/(-3). What is the tens digit of 84988/m